the highest common divisor of l and 96?
6
Let q be (-220)/(-6) - 352/528. What is the greatest common divisor of q and 27?
9
Let j be 7/(-2)*((-24)/21)/2. Let r be 69/j - (-15)/(-10). Suppose 0 = 5*g - 2*a - 23, 2*a + 1 = -5*g + 8. Calculate the highest common factor of g and r.
3
Suppose 4*z - 102 = 54. Suppose -2*i - q = -62, 4*q + q = 5*i - 170. Suppose 7 = 3*g - i. What is the highest common factor of z and g?
13
Let z(s) be the first derivative of 2 + 14*s**2 - s**2 + 2*s**2. Let k be z(4). Calculate the highest common divisor of k and 30.
30
Suppose u = -2*b + 2*u + 86, -5*b + 216 = -3*u. Calculate the greatest common factor of 12 and b.
6
Suppose c - 22 = -19. Let j be (c*(-4)/(-12))/1. Let b be j*(26 + 0 + 2). What is the highest common divisor of 28 and b?
28
Let u(a) = 2*a. Let r be u(4). Suppose 229 = -7*x + 40. Let d = x - -28. What is the highest common divisor of r and d?
1
Let h(p) = -p**2 - 18*p + 9. Let l(y) = y**3 + 4*y**2 + 4*y - 2. Let m be l(-4). Let f be h(m). Calculate the greatest common divisor of f and 36.
9
Let t = 564 + -357. Calculate the greatest common factor of 27 and t.
9
Let u be -3 + (0 - -2) - (-428 - 7). Suppose -84 = 7*m - u. Calculate the highest common factor of 10 and m.
10
Suppose 2*z = -2 + 4. Let a be ((-6)/(-4))/((-6)/(-56)) - 2. Let o = z + a. What is the greatest common factor of o and 91?
13
Suppose -3 = w, 5*w - w + 33 = b. What is the highest common factor of 126 and b?
21
Let n be 66/(-495) + 3364/30. What is the highest common divisor of n and 48?
16
Suppose -600 = 15*u - 25*u. What is the greatest common divisor of u and 40?
20
Let q = -134 - -178. Calculate the greatest common divisor of q and 968.
44
Let c(i) = -14*i**3 + 2*i**2 - 3*i - 3*i**3 + 4*i. Let n = 16 + -17. Let t be c(n). What is the highest common divisor of 6 and t?
6
Suppose 0*f = -f - 4*s + 55, 2*f - 115 = -3*s. Let c = -35 + f. Suppose 2*w + 3 = 123. What is the greatest common divisor of w and c?
12
Let m = -110 - -114. What is the greatest common factor of m and 20?
4
Suppose -2*v + 1696 - 302 = 0. Calculate the greatest common divisor of 41 and v.
41
Let r = -166 + 331. What is the greatest common divisor of 132 and r?
33
Let t be (-13)/((-1694)/(-189) - 9). Calculate the highest common factor of 78 and t.
39
Let r = -95 + 311. Calculate the highest common factor of 24 and r.
24
Let v = 145 - 132. Calculate the greatest common factor of v and 65.
13
Suppose 13 = p + 2*s - 7*s, -4*p + 3*s + 35 = 0. What is the highest common divisor of 1192 and p?
8
Let j be (-106)/(-10) - (-10)/25. Let h(m) = m**3 - 2*m**2 + m + 6. Let u be h(-5). Let i be 4*(u/(-8) - -3). What is the highest common divisor of j and i?
11
Let g = 13 - 16. Let j be g/(-5) - (-477)/5. Suppose 8*w = 5*w + j. What is the highest common factor of w and 4?
4
Suppose -2*y = -1 - 3. Suppose -2*m - 2*m + r = -81, -78 = -4*m - y*r. Suppose -3*p = 3*h - 9, 2*p + p + 7 = -h. Calculate the highest common factor of h and m.
4
Suppose 3*x - u + 30 = -2*x, -3*x - 18 = u. Let o = x - -27. Calculate the greatest common factor of 105 and o.
21
Suppose u + 10 = -14. Let x be (-1)/(2/u*2). Suppose -x = -t + 11. What is the highest common divisor of 51 and t?
17
Let i be -2 - ((6 - 13) + 3 - 68). Calculate the greatest common factor of 3010 and i.
70
Let o(z) = z**2 + 7*z - 55. Let l be o(6). Let a = -77 - -46. Let c = 61 - a. Calculate the greatest common divisor of l and c.
23
Suppose -2016 = 17*l - 33*l. Let f(i) = -i**2 + 8*i + 2. Let k be f(6). What is the greatest common factor of k and l?
14
Let n(w) = -2*w - 1. Let o be n(-5). Let g(l) = 13*l + 1. Suppose 0 = -2*u + 2 + 2. Let a be g(u). Calculate the greatest common divisor of a and o.
9
Suppose -2*q + 18 = 3*g, -5*g - 4*q = -0*q - 32. Suppose -8*l + 384 = g*l. What is the greatest common factor of 352 and l?
32
Suppose 0 = -197*w + 211*w - 238. What is the highest common divisor of w and 4981?
17
Suppose -4*n + 6*a = 3*a - 33, 0 = 2*n - 2*a - 18. Suppose 18*i + 12 = 20*i. Calculate the greatest common divisor of n and i.
6
Suppose -5*d + 98 + 12 = 0. Let t be ((-1)/(-2) - -1)*8/3. Suppose 0 = t*z + f - 5*f - 164, 2*z - 3*f = 79. What is the highest common factor of d and z?
22
Let g be 9 - 2*(-18)/(-6). What is the greatest common divisor of g and 5?
1
Suppose -3*d - 3 = 0, 2*d + 34 = 2*q - 48. Let c = 51 - q. Calculate the greatest common divisor of c and 1.
1
Let b be (-4)/((-8)/(-94))*-2. Suppose -38 = -2*l + b. Calculate the greatest common factor of l and 44.
22
Let x(z) = 3*z + 6. Suppose c + 3*c - 52 = 0. Let f be x(c). Calculate the greatest common divisor of 27 and f.
9
Let i(b) = -4*b + 457. Let s be i(11). Calculate the greatest common divisor of 7 and s.
7
Let q = -151 + 157. What is the highest common divisor of 14 and q?
2
Suppose -x + 17 = -0*x - 2*y, -116 = -10*x + 2*y. Suppose -2*w + 273 = -o + 6*o, -2*o - 4*w = -106. Calculate the highest common factor of o and x.
11
Let n be (-53)/(-6) + -9 - 799/(-6). Let l be (2/2)/((-1)/(-19)). Calculate the highest common factor of n and l.
19
Let q be (6 + -3)/((-14)/(-8) - 1). Let a be 2*25/q*18/3. Calculate the highest common factor of a and 50.
25
Let i = 11 - -34. Suppose 242*j - 244*j = -120. Calculate the greatest common factor of i and j.
15
Let f be 3/(18/32)*5889/604. Let v(t) = -t**3 + 10*t**2 + 10*t + 15. Let x be v(11). What is the greatest common factor of f and x?
4
Let f(y) = y**3 - 5*y**2 - 3*y + 2. Let v be f(6). Let r = v + -5. Calculate the highest common divisor of 105 and r.
15
Suppose 2*p + 2 = 8. Let a(q) be the first derivative of q**4/4 - 4*q**3/3 + 3*q**2/2 + q - 3. Let g be a(p). Calculate the greatest common divisor of g and 4.
1
Let h = -91 - -91. Suppose 0 = -a + y + 24, h = a - 0*y - 3*y - 24. Calculate the greatest common divisor of a and 6.
6
Let y(n) = -n**3 - n**2 + 13*n + 17. Let w be y(-5). Let x = w - 47. Calculate the greatest common factor of x and 2.
1
Suppose -27 = 4*a - 127. Calculate the highest common divisor of 125 and a.
25
Let o be (-5)/(-30) + 791*3/18. What is the highest common factor of o and 44?
44
Let n = 84 + 40. Calculate the highest common divisor of 8 and n.
4
Let c(w) = w**2 - 10*w + 56. Let u be c(4). What is the greatest common factor of u and 224?
32
Let w = -139 + 204. Suppose 0*l = -3*l + 456. Let s = l - w. Calculate the highest common divisor of s and 58.
29
Let l = 660 + -648. What is the highest common factor of 72 and l?
12
Let s(r) = 3*r**3 - 2*r**2 - 3*r - 12. Let l be s(5). Suppose 3*v - 585 + 114 = -3*k, -2*k + l = -2*v. Calculate the greatest common divisor of 17 and k.
17
Suppose 0 = -2*b - 3*n + 17, 4*n = -4*b + 12 + 16. Suppose -2*a - 3*z + 46 = -27, -z - 153 = -b*a. Calculate the highest common factor of 95 and a.
19
Let g be (-1)/(-2) + (-21)/14. Let f be 2 - ((0/1)/1)/g. Let y be (-6)/9*33/(-1). What is the greatest common factor of f and y?
2
Let b(m) = m**3 + 30*m**2 + 23*m - 14. Let y be b(-29). Calculate the greatest common factor of 100 and y.
20
Let b be 90 - -1*2/2. Let m = b + -84. Calculate the greatest common divisor of m and 1.
1
Let h(x) be the first derivative of -x**4/4 - 5*x**3/3 - x**2/2 + 7*x + 11. Let t be h(-5). Calculate the highest common divisor of t and 30.
6
Let c be (-51)/(-7) + 2/(-7). Suppose -3*x + 15 = 3. Suppose c*g - x*g = 66. What is the greatest common divisor of g and 110?
22
Suppose 24*w - 28*w + 450 = 2*f, 339 = 3*w + f. What is the highest common factor of w and 399?
57
Suppose -4*t - 4*s + 34 = -3*t, 46 = 3*t - 2*s. Let f(k) = 4*k**3 - 4*k**2 - 3*k + 2. Let o be f(2). Calculate the highest common factor of t and o.
6
Let j = 78 - 38. Let w(q) = q**2 + 16*q + 52. Let k be w(-14). Calculate the highest common factor of k and j.
8
Let q be (86 - 62)*20/6. What is the highest common factor of q and 64?
16
Let y be 76/((-196)/(-64) - 3). What is the greatest common divisor of y and 38?
38
Suppose 0*k - 4*k = -5*i + 107, i - 118 = 5*k. Let f = 28 + k. What is the highest common factor of f and 15?
5
Let c = -52 - -57. Suppose -g + c*g - 576 = 0. Calculate the highest common factor of 16 and g.
16
Let q be (1 - -5)/((-6)/(-4)). Let s = 62 - 9. Suppose 2*p - s = -21. What is the highest common factor of p and q?
4
Let q(f) = -f**3 - 4*f**2 + 3*f 